se -2*a = -4*a + 22. Let f be (-6)/(-12) + 1/2. Calculate the remainder when f + 2*(2 - -19) is divided by a.
10
Let f be ((-24)/(-9))/2*3. Suppose 5 = y, -3*n - f*y + 57 = -5. Calculate the remainder when n is divided by 8.
6
Let y = -121 - -137. Calculate the remainder when y is divided by 16.
0
Suppose 0*f - 2*f - 40 = -3*d, -5*f + 38 = 4*d. What is the remainder when 21 is divided by d?
9
Let i(j) = j**2 + 1. What is the remainder when i(2) is divided by 8/(-10) - 152/(-40)?
2
Let y = 2 + 1. Let c = 5 - y. What is the remainder when 5 is divided by c?
1
Let z(d) = 2*d**2 - 5*d + 2. Let u = 6 + -3. Let l(c) = 2*c - 5. What is the remainder when l(9) is divided by z(u)?
3
Suppose 3*h - 5*v + 24 - 183 = 0, 4*v + 204 = 4*h. Suppose 0*b - b = -29. What is the remainder when b is divided by h/5 - (-8)/20?
9
Calculate the remainder when -4 - (1 - (-42)/(-3)) is divided by 5.
4
Let t(p) = 3*p + 19. What is the remainder when t(24) is divided by 23?
22
Let h(j) = 13*j - 2. Let q be h(-2). What is the remainder when q*(0 - -1)/(-1) is divided by (-4)/(-10) + 584/40?
13
Let b = 9 + 2. Suppose -x = x - 6. Suppose 2*a - 35 = -x*a. Calculate the remainder when b is divided by a.
4
Let a be ((-18)/(-8))/(2/16). Suppose -2*n + 5*k + 129 = 0, 4*n + 2*k = -a + 216. What is the remainder when n is divided by 18?
16
Suppose -l + 4*q - 4 = 0, 2*l + 0*q = 3*q + 2. What is the remainder when 12 is divided by l?
0
Suppose -2*h = -0*h - 4*x - 174, -5*h + 465 = 5*x. Calculate the remainder when h is divided by 19.
15
Let z(o) = -o**3 + 5*o**2 + 6*o + 6. Let l be z(5). Suppose -3*p + l = -30. Calculate the remainder when p is divided by 8.
6
Suppose -o + 55 = 4*t, o + o = -10. Calculate the remainder when t is divided by 4.
3
Suppose 7*n - 96 = -2*a + 4*n, -2*n = -4. Calculate the remainder when a is divided by 12.
9
Suppose -2*w + 10 = -w. Let i = -1 + 0. Let c = 5 + i. Calculate the remainder when w is divided by c.
2
What is the remainder when 21 is divided by 28/14 - -3*3?
10
Let g(s) = -s**3 - 11*s**2 - 9*s + 13. Let p(j) = -j**3 + 16*j**2 - 2*j + 22. Let t be p(16). Calculate the remainder when g(t) is divided by 2.
1
Let w(a) = a**2 + 2*a + 47. Let p be w(0). Let y = p + -28. Calculate the remainder when 73 is divided by y.
16
Suppose 7*z - 8*z = -15. Suppose -7*u - z = -10*u. Suppose -u*p = 3*f - 41, 2*p = -0*p - f + 17. Calculate the remainder when 18 is divided by p.
8
Suppose -3*n + 0*n = 2*c - 49, 3*c = -3*n + 81. Calculate the remainder when 94 is divided by c.
30
Suppose 19*p - 2*p - 680 = 0. What is the remainder when 77 is divided by p?
37
Suppose -2*r - 15 = 5. Calculate the remainder when (-5)/(r/(-6)) - -80 is divided by 26.
25
Let m(l) = 19*l - 1. Let n be m(1). Calculate the remainder when 19 is divided by (-2)/9 + 130/n.
5
What is the remainder when -4 + 0 - (-2 - 39) is divided by 20?
17
Suppose 9 = 3*p + r + 1, -4*r - 2 = -5*p. Calculate the remainder when 37 is divided by (-1 + 2)*(11 + p).
11
Let h(v) = -v**3 + 2*v**2 + 4*v - 2. Let g be h(4). What is the remainder when -3 - -1 - (4 + -28) is divided by g/(-4)*24/18?
4
Let i = -139 + 152. What is the remainder when i is divided by 7?
6
Suppose -c + 4*c - 18 = 0. What is the remainder when 17 is divided by c?
5
Suppose h - 91 = -4*r, -5*h + 125 = -r + 6*r. What is the remainder when r is divided by 8?
6
Suppose -14 - 11 = -5*x. Suppose 0 = -o - 3*a - a + 9, 0 = 5*a + 20. What is the remainder when o is divided by (18/x)/(4/10)?
7
Let y = -21 + 40. What is the remainder when 35 is divided by y?
16
Suppose -2*c + 20 = 3*o - 24, 0 = -5*c - 5*o + 100. Calculate the remainder when c is divided by 6.
4
Suppose -2*w + 5*w = 15. What is the remainder when 103 is divided by (42/w)/((-6)/(-15))?
19
Suppose 3*s + 20 = -s. Let m(o) = o**3 + 6*o**2 + o - 5. What is the remainder when 28 is divided by m(s)?
13
Let f = -119 - -186. Let i = 29 - 12. Calculate the remainder when f is divided by i.
16
Let l = 24 - 6. What is the remainder when 4 + -2 + (-100)/(-2) is divided by l?
16
Suppose 5*o - 168 = 2*f, -3*f + 6*f + 3*o = -273. Let x(p) = -65*p - 2. Let w be x(-2). Let h = f + w. What is the remainder when h is divided by 10?
9
What is the remainder when 29 is divided by 5/(-5)*3*-5?
14
Let w = -21 - -131. What is the remainder when w is divided by 19?
15
Suppose 0 = 5*i - 0*i - 25. Let w(j) = -4*j**2 - 3*j + 2*j - 8 + i*j**2. Calculate the remainder when w(-6) is divided by 12.
10
Let q(s) = -s**2 - 6*s - 4. Calculate the remainder when q(-4) is divided by 2.
0
Calculate the remainder when 30 is divided by (17 + -16)/((-2)/(-16)).
6
Let b(v) = -7*v**2 - 10*v - 13. Let f(r) = 4*r**2 + 5*r + 7. Let d(l) = 6*b(l) + 11*f(l). What is the remainder when 20 is divided by d(4)?
9
Let v(l) = l**3 + 7. Let g be 2/(15/6 - 2). Suppose 3*s - 55 = g*o, -5*s + 30 + 23 = 3*o. What is the remainder when s is divided by v(0)?
6
Let q(v) be the first derivative of -7*v**2 + 2. Suppose 61 = 3*d - 59. Calculate the remainder when d is divided by q(-1).
12
Suppose 0 = 3*v + n + 4, 0 = -5*v + v - 2*n - 6. Let p = -1 - v. Suppose p = -2*i - 0*i + 92. What is the remainder when i is divided by 16?
14
Suppose -5*i - 219 = -2*i. Let h = i + 109. What is the remainder when 25 is divided by -1 + h/2 - 3?
11
Suppose 2*n - 10 = -0*w + 4*w, -5*n + 3*w = -39. What is the remainder when 105 is divided by n?
6
Calculate the remainder when (-1)/(-3) + 358/6 is divided by 17.
9
Let s(q) = q**3 - 4*q**2 - 9*q + 5. Suppose -d + 8 = h, -d - 2*d = -5*h - 24. What is the remainder when s(6) is divided by d?
7
Let a(j) be the second derivative of 4*j**3/3 - j**2/2 + j. What is the remainder when a(2) is divided by (0 + 2)/(1/4)?
7
Let t = 46 + -29. Let u = 37 - t. Suppose u = 5*o - 245. What is the remainder when o is divided by 18?
17
Let d(j) = 5*j + 9. Let h be d(-9). Suppose 0 = -3*c - 2*c + 85. Calculate the remainder when c is divided by (81/h)/(3/(-8)).
5
Suppose -143 = -2*w + 27. What is the remainder when w/2 - 3/6 is divided by 11?
9
Suppose -420 + 140 = -5*c. What is the remainder when c is divided by 20?
16
Suppose -6*w = -2*w - 20. What is the remainder when 41 is divided by (-201)/(-15) - (-3)/w?
13
Suppose -2 = -3*n + 7, -4*i + 17 = -5*n. Calculate the remainder when (12/i)/(2/28) is divided by 12.
9
Suppose 4*d - 32 = -4*w, 5*d - w = 2*w + 16. Let z = -2 + d. Suppose -2*b + z*a = -7, -6*b + b = 3*a - 70. What is the remainder when 32 is divided by b?
10
Let g(v) = -v. Let r(d) = d. Let w(j) = -2*g(j) - r(j). What is the remainder when w(2) is divided by 1?
0
Let f be 40/(-12)*18/(-15). Suppose l = 4*m - 18, -5*m + f*l - 10 = -27. What is the remainder when 9 is divided by m?
4
Let m(o) = 9*o - 6. Calculate the remainder when 77 is divided by m(3).
14
Let w be -1 + 0 + (-248)/(-2). What is the remainder when (3/3)/(3/w) is divided by 21?
20
Suppose 6*s - 375 = s. What is the remainder when 98 is divided by (s/6)/(1/2)?
23
Suppose 24 = -w - 2*p, -2*p + 10 - 78 = 3*w. Let n = 105 + w. What is the remainder when n is divided by 28?
27
Suppose 0 = 4*o - 4*g - 372, -2*o + 3*g + 89 = -o. Calculate the remainder when o is divided by 14.
11
Let l(b) = b**3 - 3*b**2 + 3*b - 3. Let m be l(3). Suppose m + 2 = 2*d. Let p(c) = c**2 + c + 3. Calculate the remainder when d is divided by p(0).
1
Suppose 3*j + 4*j - 133 = 0. Calculate the remainder when j is divided by 7.
5
Let a(m) = m**2 - 9*m - 4. Let d be a(8). Let u = -11 - d. Let y = -2 - -3. What is the remainder when u is divided by y?
0
Calculate the remainder when ((-1)/3)/((-17)/1938) is divided by 11.
5
Suppose 4*j + 271 = 1035. Suppose 0 = 5*y - 4*n + 5*n - 250, -4*y + n = -j. Calculate the remainder when y is divided by 6/21 - (-178)/14.
10
Suppose 2*i = -2*i + u + 220, -i - 5*u + 34 = 0. What is the remainder when i is divided by 14?
12
Let m = -47 - -94. What is the remainder when m is divided by 7?
5
Let x = 37 - 23. What is the remainder when 25 is divided by x?
11
Let u(v) = 9*v + 78. What is the remainder when u(23) is divided by 24?
21
Let i(n) = -3*n**3 + 2*n**2 + 2*n + 2. What is the remainder when 88 is divided by i(-2)?
28
Calculate the remainder when ((-129)/(-6) + 0)*2 is divided by 9.
7
Let p(h) = -5*h + 8. Let d(m) = m - 1. Let k(u) = 6*d(u) + p(u). What is the re